 -5*d = 25, 5*j - 92 = u*d + 198. List the prime factors of j.
2, 3
Let g(f) = 4*f**2 - 19*f + 92. List the prime factors of g(18).
2, 523
Suppose 2*r + 6*r - 176 = 0. Let m be (r/3)/((-2)/(-3)). Let j(t) = t**3 - 9*t**2 - 14*t - 15. List the prime factors of j(m).
73
Suppose 75 = -2*k + 7*k. Suppose 3*f + x = -3, -2*f - 5*x - k = -0*x. Suppose f = -z + 2*z - 53. List the prime factors of z.
53
Let z(p) = 7*p**2 - 38*p - 40. What are the prime factors of z(11)?
389
Let n be 4/(-12) - 68/12. Let w = -6 - n. Suppose w = 2*u - 5*q - 15 - 32, 2*u - 4*q = 44. List the prime factors of u.
2
Suppose -29*v - 8 = -33*v. Suppose -5*t - 425 = -3*p, v*p - 5*p + t + 421 = 0. What are the prime factors of p?
2, 5, 7
Let n(c) = -3*c + 3. Let a be n(-3). Let s = -21 + a. Let f = s - -17. What are the prime factors of f?
2
Let z = 171 - 75. Suppose 4*o = 401 + 327. Suppose 5*h - o = -4*f, -3*f = -f + 5*h - z. What are the prime factors of f?
43
Let n = -4 - -5. Let l = n - 1. List the prime factors of (1 - l) + 39/3.
2, 7
Suppose -k + 8 = -3*m, -2*m + 1 = 4*k - 3. Let i(x) = 0 - 19*x + 0 + 1. What are the prime factors of i(m)?
3, 13
Let s(p) = 9*p - 13. Let a be s(5). Let u = -4 - -4. Let d = a + u. What are the prime factors of d?
2
Suppose 2*x = -4, -6*f + 5*x + 19 = -3*f. Suppose 3*y + 110 + 7 = -4*v, y = -f. Let m = v + 41. List the prime factors of m.
2, 7
Suppose -5*b = 9*v - 5*v - 55, 0 = 2*v. Suppose -4*n - b*n + 180 = 0. What are the prime factors of n?
2, 3
Let h = -1 + 2. Let q = 116 - 136. What are the prime factors of (-284)/q + h/(-5)?
2, 7
Suppose -9*s + 8738 = -2377. Suppose m = -12*m + s. What are the prime factors of m?
5, 19
Let b = -31 + 28. Let z be (4 + b)/(2/(-10)). What are the prime factors of ((-74)/z)/((-1)/(-5))?
2, 37
Let b = 270 + -150. Suppose s + u + 3*u = 30, 5*u = 4*s - b. List the prime factors of (-5)/(s/(-52))*3.
2, 13
Let n be (-28)/(-21)*9186/4. Suppose n - 704 = 2*l. What are the prime factors of l/27 - 4/6?
43
Suppose 0*o = 3*o + 3*x - 1077, 0 = 3*o - 3*x - 1071. What are the prime factors of o?
2, 179
Let a = -73 + 88. List the prime factors of a.
3, 5
Let r(n) = 6*n**2 + n + 3. Let l(x) = -1. Let c = 17 - 14. Let s(b) = c*l(b) + r(b). List the prime factors of s(1).
7
Let d = 276 - 29. What are the prime factors of d?
13, 19
Let b = 66 + -61. Suppose -4*v - 4*r + 611 = -321, 4*v - 887 = b*r. What are the prime factors of v?
2, 3, 19
Let l be ((-280)/(-2) - -1)*-3. Suppose 5*o - y = 4*y - 110, 0 = 3*y - 12. What are the prime factors of l/o + 6/4?
5
Let q be 485/2 + 2/(-4). Let h be ((-28)/(-8) - 3)/((-3)/(-318)). Suppose q = 3*n + h. What are the prime factors of n?
3, 7
Let y = -11 + 15. Let o(q) = -q**2 + 10*q - 13. What are the prime factors of o(y)?
11
Suppose -7*i + 2*i + 4*q + 5484 = 0, -i + 1095 = q. List the prime factors of i.
2, 137
Suppose 0 = 2*z - v - 726, 0 = 3*z + 3*v - 4*v - 1090. List the prime factors of z.
2, 7, 13
Let t be ((-2)/(-4))/((-14)/(-112)). Suppose -3*w + 9*l = t*l - 89, -5*w - 2*l = -138. List the prime factors of w.
2, 7
Let h = 777 + -599. What are the prime factors of h?
2, 89
Let o(t) = 8. Let f(q) = -q. Let x(m) = 3*f(m) + o(m). Let g be x(14). Let b = 75 + g. What are the prime factors of b?
41
Let g(f) = 10*f**2. Suppose -5*u + 0*k - 10 = -5*k, 4*k - 17 = -5*u. List the prime factors of g(u).
2, 5
Let x(a) = -7*a - 65. Let h be x(-10). Suppose -5*w - 107 = -2*n, -3*n + 10*w + 173 = h*w. List the prime factors of n.
2, 3, 11
Let v = 113 + -116. List the prime factors of (6 + 0 + v - 297)/(-1).
2, 3, 7
Let u be (-3*(-478)/(-12))/(1/(-4)). Suppose -u = -2*v - 3*r, -4*r - r = 3*v - 716. What are the prime factors of v?
2, 11
Let l = 614 + -370. Suppose -4*z + l = 84. List the prime factors of z.
2, 5
Let s(u) = -159*u + 268. What are the prime factors of s(-8)?
2, 5, 7, 11
Suppose -4*o = -2*d - 52, -3*o - 2*d = -0*o - 25. Let z(f) = -17 + 0*f - 2*f + f + o. List the prime factors of z(-13).
7
Let d(g) be the second derivative of -5*g**3/6 + g**2/2 + g. Let o be d(-4). Suppose i + 2*i = o. List the prime factors of i.
7
Suppose -6 + 3 = -3*x. Let v = x - -3. List the prime factors of -7 + v + 11 + 1.
3
Let w(t) = 372*t**3 - t**2 + t. Let g be w(1). Suppose -2*a = 2*a + 4*o - g, -4*a = 3*o - 375. Suppose 5*c = -6 + a. What are the prime factors of c?
2, 3
Let r(p) = 3*p**2 + 2*p + 4. Let u(d) = 2*d + 25. Let z be u(-11). Suppose -2*v = -2*b + 5*b - 9, -3*b - z*v + 9 = 0. What are the prime factors of r(b)?
37
Suppose 4*m + 239 = 5*n - 53, -4*n - 4*m + 248 = 0. Suppose -n - 4 = 2*z. Let s = -20 - z. What are the prime factors of s?
2, 3
Suppose -342 = 15*z - 6*z. Let y = 111 + -39. Let i = y + z. What are the prime factors of i?
2, 17
Let i(h) = h**3 + 2*h**2 - 4*h + 7. Let l be i(-4). Let x = 13 + l. Suppose -x*q + 181 = 13. What are the prime factors of q?
2, 3, 7
Suppose -5*s + 174 + 366 = 5*o, 0 = -3*o + 3*s + 312. Let n = -13 + o. Let k = -49 + n. What are the prime factors of k?
2, 11
Suppose 2*u = 5*u + 3. Let p = u + 7. Suppose -4*h - 56 = -2*r + p, -2*h - 4 = 0. List the prime factors of r.
3
Let o be (1 - -5)*(-11)/(11/(-4)). Suppose 0 = -g + o - 20. What are the prime factors of g?
2
Suppose -3*w = -5*b + 19, 3*b + 0*b = w + 13. Suppose 11 = -3*c - l + 2*l, 2*l = -w. What are the prime factors of (48 - -4)/c*-1?
13
Suppose 0*q + 4*q + 32 = 3*r, -4*r - 4 = 4*q. Suppose 0 = 8*y - r*y - 212. Let z = y + -28. What are the prime factors of z?
5
List the prime factors of (20/50)/((-1)/(-1960)).
2, 7
Suppose 31*k = 36*k - 10. Suppose 0 = -4*o + 8, k*o = 2*g - 122 - 88. What are the prime factors of g?
107
Let v(f) = 439*f - 1. List the prime factors of v(2).
877
Let z(o) = o + 13. Let y be z(9). Suppose -16*h = -y*h + 1578. List the prime factors of h.
263
Let a be ((-2)/(-5))/((13/(-10))/13). Let u be ((-10)/(-3))/(1/(-9)). Let b = a - u. What are the prime factors of b?
2, 13
Suppose -5*r + 3*j + 715 = 0, 2*j + j = 2*r - 277. Let i = -290 + r. What are the prime factors of i/(-14) + 4/(-14)?
2, 5
Let y = -142 - -805. What are the prime factors of y?
3, 13, 17
Let h be 16/3 + (-2)/(-3). Suppose -h*y + 2*y - 292 = 0. Let z = y + 121. List the prime factors of z.
2, 3
List the prime factors of 4/((-84)/(-10065)) + 4/(-14).
479
Let y = -876 + 1239. What are the prime factors of y?
3, 11
Let b = 5 - 2. Suppose b*y - 30 = i, i + 1 + 9 = y. Suppose 0 = m - 16 - y. List the prime factors of m.
2, 13
Let b = -96 - -493. What are the prime factors of b?
397
Let z(j) = -j**2 - 5*j + 4. Let v be z(-5). What are the prime factors of (-2 + -105)*(2 - -1 - v)?
107
Let u(k) = k + 8. Let x be u(-6). Suppose 3*s = 3*w, 0*w + 4 = 2*w + x*s. What are the prime factors of w/((-2)/(-60) + 0)?
2, 3, 5
Suppose 0 = 5*z - 4*o + 199, 0*z - 141 = 3*z + 3*o. Suppose 3*t = -2*t + 345. Let i = t + z. List the prime factors of i.
2, 13
Suppose -3*d + 2*n - 10 = 0, -3*d - 3*n = 3 - 18. Suppose -4*f + 5*f = d. Suppose -3*u = -5*y + 234, -5*y - 2*u + 244 = -f*u. List the prime factors of y.
2, 3
Let y(l) = 4*l - 2. Let r(d) = -11*d + 5. Let b(s) = 4*r(s) + 14*y(s). What are the prime factors of b(6)?
2
Let q be ((-6)/(-7))/(102/476). Suppose -q*m + 133 = -499. List the prime factors of m.
2, 79
Let y(w) = -4*w**2 - 13*w + 7. What are the prime factors of y(-3)?
2, 5
Suppose 0 = -6*o - 5*o + 957. Let h = -33 + o. List the prime factors of h.
2, 3
Suppose 2*x + 105 = -0*x - 3*g, g - 5 = 0. Let j = 148 + x. What are the prime factors of j?
2, 11
Let x be (1/(-2))/(5/(-180)). Let g = x + 49. List the prime factors of g.
67
Let g(c) = -c**2 - 12*c - 6. Let l be g(-8). Let w = l + -26. Let t(o) = -o**3 + o**2 + o + 53. What are the prime factors of t(w)?
53
Suppose 5*d + 3*q - 1432 = 0, d - 14*q - 264 = -9*q. List the prime factors of d.
2, 71
Let h(j) = 8*j**2 + 11. Suppose -4*r = -8*r - 12. List the prime factors of h(r).
83
What are the prime factors of -720*(114/(-18) + 2)?
2, 3, 5, 13
Let h(r) = 2*r**2 - 10*r - 15. Let g be h(9). Suppose -4*n + 559 = -g. What are the prime factors of n?
2, 7, 11
Let q(o) = 15*o. Let a be q(-4). Let b = 30 - a. List the prime factors of b.
2, 3, 5
Let n = 16 + -12. Suppose -2*m + 312 = -n*y + y, -5*m - 4*y + 734 = 0. What are the prime factors of m?
2, 3, 5
What are the prime fa